{"id":159,"date":"2019-02-14T09:40:39","date_gmt":"2019-02-14T09:40:39","guid":{"rendered":"http:\/\/grundschule-abbehausen.com\/?page_id=159"},"modified":"2025-12-08T15:17:10","modified_gmt":"2025-12-08T15:17:10","slug":"schulprogramm-leitsaetze","status":"publish","type":"page","link":"https:\/\/grundschule-abbehausen.com\/?page_id=159","title":{"rendered":"Schulprogramm &#038; Leits\u00e4tze"},"content":{"rendered":"\n<p><\/p>\n\n\n\n<p class=\"has-text-align-left\"><strong>1.Wir wollen uns an unserer Schule wohlf\u00fchlen, zusammen lernen und gemeinsame Erfahrungen sammeln. <\/strong><\/p>\n\n\n\n<p class=\"has-text-align-left\">Durch vielf\u00e4ltige Erlebnisse und Erfahrungen entsteht ein Gemeinschaftsgef\u00fchl bei allen Menschen unserer Schule. <\/p>\n\n\n\n<ul class=\"wp-block-list\">\n<li>Schulveranstaltungen (Projektwoche, Schulfeste)<\/li>\n\n\n\n<li>Exkursionen <\/li>\n\n\n\n<li>Gemeinsame Schulausfl\u00fcge<\/li>\n\n\n\n<li>Klassenfahrten<\/li>\n\n\n\n<li>Ganztagsschule<\/li>\n\n\n\n<li>Gutes Schulklima <\/li>\n\n\n\n<li>Soziales Miteinander<\/li>\n\n\n\n<li>Offene Klassen<\/li>\n\n\n\n<li>Tolles Kollegium (gemeinsame au\u00dferschulische Aktivit\u00e4ten)<\/li>\n\n\n\n<li>Schulgemeinschaft (Eltern, Lehrer, Sch\u00fcler)<\/li>\n\n\n\n<li>Patenschaften (4. Klasse f\u00fcr 1. Klasse)<\/li>\n\n\n\n<li>Elternarbeit<\/li>\n\n\n\n<li>Schul\u00fcbernachtung<\/li>\n<\/ul>\n\n\n\n<p><\/p>\n\n\n\n<p class=\"has-text-align-left\"><strong>2. Wir bilden eine gute Vernetzung in den D\u00f6rfern (Abbehausen, Ellw\u00fcrden, Esenshamm und Hoffe).<\/strong><\/p>\n\n\n\n<p class=\"has-text-align-left\">Wir arbeiten eng mit den Eltern, den Kinderg\u00e4rten, dem Sportverein, dem B\u00fcrgerverein und der Kirche zusammen. <\/p>\n\n\n\n<ul class=\"wp-block-list\">\n<li>Kinderg\u00e4rten (Vorschulunterricht, Steuergruppe,<br>gemeinsame Veranstaltungen z.B. Feste, Projekte)<\/li>\n\n\n\n<li>Sportverein (Sportabzeichen, AG\u00b4s im Ganztag)<\/li>\n\n\n\n<li>B\u00fcrgerverein (Nikolausfeier, Fasching,<br>eingebunden in den Ganztag)<\/li>\n\n\n\n<li>Kirche (gemeinsame Gottesdienste,<br>Kirchenbesuche, Kinderkirche)<\/li>\n\n\n\n<li>Ehrenamtliche Mitarbeiter (Lesepaten,<br>Unterst\u00fctzung im Ganztag)<\/li>\n\n\n\n<li>Elternarbeit (basteltage, flexible<br>Elterngespr\u00e4che, Einschulung)<\/li>\n\n\n\n<li>F\u00f6rderverein (Unterst\u00fctzung bei Projektwochen,<br>Festen, Einschulung)<\/li>\n<\/ul>\n\n\n\n<p><\/p>\n\n\n\n<p class=\"has-text-align-left\"><strong>3. Wir leben ein Miteinander statt ein Gegeneinander.<\/strong><\/p>\n\n\n\n<p class=\"has-text-align-left\">Wir wollen, dass die Menschen an unserer Schule respekt- und r\u00fccksichtsvoll miteinander umgehen. <\/p>\n\n\n\n<p class=\"has-text-align-left\">Deshalb bieten wir Schulregeln\nmit <\/p>\n\n\n\n<ul class=\"wp-block-list\">\n<li>Ma\u00dfnahmenkatalog<\/li>\n\n\n\n<li>ein soziales Programm (\u201eFaustlos\u201c)<\/li>\n\n\n\n<li>Patenschaften (4. Klasse f\u00fcr 1. Klasse)<\/li>\n\n\n\n<li>Helfer (Sch\u00fcler helfen Sch\u00fclern)<\/li>\n\n\n\n<li>eine Spieleausleihe (4. Klasse)<\/li>\n\n\n\n<li>gegenseitige Unterst\u00fctzung<br>(Unterricht\/Hausaufgaben) <\/li>\n<\/ul>\n\n\n\n<p><\/p>\n\n\n\n<p class=\"has-text-align-left\"><strong>4. Wir gestalten Unterricht<\/strong><\/p>\n\n\n\n<p class=\"has-text-align-left\">Unsere\nUnterrichtsgestaltung st\u00fctzt sich auf den Einsatz von vielf\u00e4ltigen Methoden,\ndifferenzierten Materialeinsatz, Medien, sowie der unterrichtlichen\nZusammenarbeit unter den Kollegen. Dies betrifft auch Bereiche wie die\nLeistungsbewertung, die F\u00f6rderung selbstst\u00e4ndigen Lernens und inhaltliche\nAspekte wie die Lesef\u00f6rderung, Umweltbildung und gesunde Ern\u00e4hrung. <\/p>\n\n\n\n<ul class=\"wp-block-list\">\n<li>Methoden f\u00fcr selbstorganisiertes Lernen<\/li>\n\n\n\n<li>Regelm\u00e4\u00dfiger Austausch mit Kollegen,<br>Praktikanten, Referendaren<\/li>\n\n\n\n<li>Wettbewerbe wie Lesewettbewerb, K\u00e4nguru,<br>Fu\u00dfballturnier, Sportabzeichen, Fahrradpr\u00fcfung<\/li>\n\n\n\n<li>Lesef\u00f6rderung durch Vorlesetage, Lesepaten,<br>schuleigene B\u00fccherei, Antolin, Leset\u00fcten, Kooperation mit st\u00e4dtischer B\u00fccherei<br>und \u00f6rtlicher Buchhandlung<\/li>\n\n\n\n<li>Bewusstsein f\u00fcr gesunde Ern\u00e4hrung st\u00e4rken<\/li>\n\n\n\n<li>Austausch mit weiterf\u00fchrenden Schulen<br>(Schnuppertage, Gespr\u00e4che mit Kollegen)<\/li>\n\n\n\n<li>Lernen mit und \u00fcber neue Medien<\/li>\n<\/ul>\n\n\n\n<p><\/p>\n\n\n\n<p class=\"has-text-align-left\"><strong>5. Wir unterst\u00fctzen jedes Kind auf seinem eigenen (Lern-)Weg.<\/strong><\/p>\n\n\n\n<p class=\"has-text-align-left\">Wir f\u00f6rdern\nund fordern unsere SuS durch individuelle Unterst\u00fctzungsangebote. <\/p>\n\n\n\n<ul class=\"wp-block-list\">\n<li>individuelle F\u00f6rderangebote in den F\u00e4chern<br>Deutsch und Mathe<\/li>\n\n\n\n<li>individuelle Forderangebote <\/li>\n\n\n\n<li>Unterst\u00fctzung durch F\u00f6rderschullehrkraft<\/li>\n\n\n\n<li>handlungsorientierte Materialien und Angebote<br>(F\u00f6)<\/li>\n\n\n\n<li>individuelle und kreative Weiterentwicklung (Fo)<br><\/li>\n<\/ul>\n\n\n\n<p><\/p>\n\n\n\n<p class=\"has-text-align-left\"><strong>6. Wir machen gerne Sport, probieren Neues und geben unser Bestes!<\/strong><\/p>\n\n\n\n<p class=\"has-text-align-left\">Sport ist das beliebteste Fach in der Grundschule. Sport ist wichtig f\u00fcr die Gesundheit. Neue Erfahrungen sollen hier gesammelt werden. Dazu kommt der sportliche Wettkampf.<\/p>\n\n\n\n<ul class=\"wp-block-list\">\n<li>Sport AG\u00b4s auch im Ganztag<\/li>\n\n\n\n<li>Turniere in Nordenham (Fu\u00dfball, Handball)<\/li>\n\n\n\n<li>Sportabzeichen<\/li>\n\n\n\n<li>Schwimmunterricht<\/li>\n\n\n\n<li>Schlittschuhlaufen<\/li>\n\n\n\n<li>Teilnahme am Firmenlauf Nordenham<\/li>\n<\/ul>\n","protected":false},"excerpt":{"rendered":"<p>1.Wir wollen uns an unserer Schule wohlf\u00fchlen, zusammen lernen und gemeinsame Erfahrungen sammeln. Durch vielf\u00e4ltige Erlebnisse und Erfahrungen entsteht ein Gemeinschaftsgef\u00fchl bei allen Menschen unserer Schule. 2. Wir bilden eine [&hellip;]<\/p>\n","protected":false},"author":1,"featured_media":0,"parent":0,"menu_order":0,"comment_status":"closed","ping_status":"closed","template":"single-product","meta":{"saved_in_kubio":false,"footnotes":""},"class_list":["post-159","page","type-page","status-publish","hentry"],"kubio_ai_page_context":{"short_desc":"","purpose":"general"},"_links":{"self":[{"href":"https:\/\/grundschule-abbehausen.com\/index.php?rest_route=\/wp\/v2\/pages\/159","targetHints":{"allow":["GET"]}}],"collection":[{"href":"https:\/\/grundschule-abbehausen.com\/index.php?rest_route=\/wp\/v2\/pages"}],"about":[{"href":"https:\/\/grundschule-abbehausen.com\/index.php?rest_route=\/wp\/v2\/types\/page"}],"author":[{"embeddable":true,"href":"https:\/\/grundschule-abbehausen.com\/index.php?rest_route=\/wp\/v2\/users\/1"}],"replies":[{"embeddable":true,"href":"https:\/\/grundschule-abbehausen.com\/index.php?rest_route=%2Fwp%2Fv2%2Fcomments&post=159"}],"version-history":[{"count":14,"href":"https:\/\/grundschule-abbehausen.com\/index.php?rest_route=\/wp\/v2\/pages\/159\/revisions"}],"predecessor-version":[{"id":6183,"href":"https:\/\/grundschule-abbehausen.com\/index.php?rest_route=\/wp\/v2\/pages\/159\/revisions\/6183"}],"wp:attachment":[{"href":"https:\/\/grundschule-abbehausen.com\/index.php?rest_route=%2Fwp%2Fv2%2Fmedia&parent=159"}],"curies":[{"name":"wp","href":"https:\/\/api.w.org\/{rel}","templated":true}]}}