{"id":1291,"date":"2021-02-17T14:33:22","date_gmt":"2021-02-17T14:33:22","guid":{"rendered":"http:\/\/grundschule-abbehausen.com\/?page_id=1291"},"modified":"2025-11-26T14:02:16","modified_gmt":"2025-11-26T14:02:16","slug":"ueber-uns","status":"publish","type":"page","link":"https:\/\/grundschule-abbehausen.com\/?page_id=1291","title":{"rendered":"\u00dcber uns"},"content":{"rendered":"\n<p>11 Lehrerinnen<\/p>\n\n\n\n<p>1 F\u00f6rderschullehrerin<\/p>\n\n\n\n<p>1 Vertretungslehrer<\/p>\n\n\n\n<p>1 Referendarin<\/p>\n\n\n\n<p>4 P\u00e4dagogische Mitarbeiterinnen <\/p>\n\n\n\n<p>2 FSJlerinnen<\/p>\n\n\n\n<p>3 Schulbegleiterinnen <\/p>\n\n\n\n<p>2 Reinigungskr\u00e4fte<\/p>\n\n\n\n<p>1 Mitarbeiterin in der Mensa<\/p>\n\n\n\n<p>1 Hausmeister<\/p>\n","protected":false},"excerpt":{"rendered":"<p>11 Lehrerinnen 1 F\u00f6rderschullehrerin 1 Vertretungslehrer 1 Referendarin 4 P\u00e4dagogische Mitarbeiterinnen 2 FSJlerinnen 3 Schulbegleiterinnen 2 Reinigungskr\u00e4fte 1 Mitarbeiterin in der Mensa 1 Hausmeister<\/p>\n","protected":false},"author":1,"featured_media":0,"parent":0,"menu_order":0,"comment_status":"closed","ping_status":"closed","template":"single-product","meta":{"saved_in_kubio":false,"footnotes":""},"class_list":["post-1291","page","type-page","status-publish","hentry"],"kubio_ai_page_context":{"short_desc":"","purpose":"general"},"_links":{"self":[{"href":"https:\/\/grundschule-abbehausen.com\/index.php?rest_route=\/wp\/v2\/pages\/1291","targetHints":{"allow":["GET"]}}],"collection":[{"href":"https:\/\/grundschule-abbehausen.com\/index.php?rest_route=\/wp\/v2\/pages"}],"about":[{"href":"https:\/\/grundschule-abbehausen.com\/index.php?rest_route=\/wp\/v2\/types\/page"}],"author":[{"embeddable":true,"href":"https:\/\/grundschule-abbehausen.com\/index.php?rest_route=\/wp\/v2\/users\/1"}],"replies":[{"embeddable":true,"href":"https:\/\/grundschule-abbehausen.com\/index.php?rest_route=%2Fwp%2Fv2%2Fcomments&post=1291"}],"version-history":[{"count":3,"href":"https:\/\/grundschule-abbehausen.com\/index.php?rest_route=\/wp\/v2\/pages\/1291\/revisions"}],"predecessor-version":[{"id":5903,"href":"https:\/\/grundschule-abbehausen.com\/index.php?rest_route=\/wp\/v2\/pages\/1291\/revisions\/5903"}],"wp:attachment":[{"href":"https:\/\/grundschule-abbehausen.com\/index.php?rest_route=%2Fwp%2Fv2%2Fmedia&parent=1291"}],"curies":[{"name":"wp","href":"https:\/\/api.w.org\/{rel}","templated":true}]}}